emainder when 66735 is divided by 2084?
47
Calculate the remainder when 29837 is divided by 373.
370
Calculate the remainder when 675047 is divided by 115.
112
What is the remainder when 74172 is divided by 46?
20
What is the remainder when 4624 is divided by 4339?
285
Calculate the remainder when 6480 is divided by 497.
19
Calculate the remainder when 3488 is divided by 919.
731
Calculate the remainder when 53609 is divided by 346.
325
What is the remainder when 1570 is divided by 755?
60
Calculate the remainder when 232421 is divided by 225.
221
What is the remainder when 2873 is divided by 2532?
341
What is the remainder when 1583 is divided by 1052?
531
What is the remainder when 46703 is divided by 387?
263
What is the remainder when 605 is divided by 280?
45
What is the remainder when 16460 is divided by 24?
20
Calculate the remainder when 795123 is divided by 332.
315
Calculate the remainder when 34753 is divided by 79.
72
What is the remainder when 1835 is divided by 213?
131
What is the remainder when 375476 is divided by 420?
416
Calculate the remainder when 23933 is divided by 885.
38
Calculate the remainder when 4625 is divided by 4568.
57
Calculate the remainder when 82115 is divided by 27369.
8
What is the remainder when 1603 is divided by 36?
19
What is the remainder when 217 is divided by 45?
37
Calculate the remainder when 50473 is divided by 34.
17
What is the remainder when 24603 is divided by 34?
21
What is the remainder when 334610 is divided by 62?
58
What is the remainder when 48593 is divided by 270?
263
What is the remainder when 3751 is divided by 394?
205
What is the remainder when 1292 is divided by 45?
32
What is the remainder when 318 is divided by 135?
48
Calculate the remainder when 23153 is divided by 7704.
41
Calculate the remainder when 65587 is divided by 1367.
1338
Calculate the remainder when 17292 is divided by 5764.
0
What is the remainder when 2480 is divided by 617?
12
What is the remainder when 1099305 is divided by 966?
963
What is the remainder when 869 is divided by 408?
53
Calculate the remainder when 113766 is divided by 55.
26
Calculate the remainder when 8492 is divided by 4198.
96
What is the remainder when 8868 is divided by 2742?
642
What is the remainder when 1306 is divided by 1086?
220
What is the remainder when 132796 is divided by 61?
60
Calculate the remainder when 168 is divided by 102.
66
What is the remainder when 23999 is divided by 5996?
15
What is the remainder when 10969 is divided by 2428?
1257
Calculate the remainder when 87587 is divided by 322.
3
Calculate the remainder when 725065 is divided by 183.
19
Calculate the remainder when 200303 is divided by 24.
23
What is the remainder when 9405 is divided by 118?
83
What is the remainder when 101277 is divided by 29?
9
Calculate the remainder when 2363155 is divided by 787717.
4
Calculate the remainder when 6844 is divided by 54.
40
What is the remainder when 43087 is divided by 12?
7
Calculate the remainder when 31246 is divided by 2403.
7
Calculate the remainder when 18450 is divided by 102.
90
What is the remainder when 17096 is divided by 5698?
2
What is the remainder when 25749 is divided by 25747?
2
Calculate the remainder when 1530345 is divided by 510115.
0
What is the remainder when 5066 is divided by 548?
134
Calculate the remainder when 552086 is divided by 81.
71
What is the remainder when 7428 is divided by 752?
660
What is the remainder when 2460 is divided by 91?
3
Calculate the remainder when 4600 is divided by 26.
24
Calculate the remainder when 1327 is divided by 662.
3
What is the remainder when 22933 is divided by 710?
213
Calculate the remainder when 57937 is divided by 30.
7
Calculate the remainder when 194883 is divided by 97406.
71
Calculate the remainder when 1230 is divided by 463.
304
What is the remainder when 14560 is divided by 3?
1
Calculate the remainder when 3995 is divided by 336.
299
What is the remainder when 3293 is divided by 1088?
29
What is the remainder when 14228 is divided by 356?
344
What is the remainder when 255154 is divided by 190?
174
What is the remainder when 82412 is divided by 41?
2
What is the remainder when 437 is divided by 30?
17
What is the remainder when 5129 is divided by 1265?
69
What is the remainder when 105851 is divided by 504?
11
What is the remainder when 304 is divided by 242?
62
What is the remainder when 90114 is divided by 1388?
1282
Calculate the remainder when 110516 is divided by 79.
74
What is the remainder when 6196 is divided by 487?
352
Calculate the remainder when 30870 is divided by 5144.
6
Calculate the remainder when 39932 is divided by 487.
485
Calculate the remainder when 915685 is divided by 213.
211
Calculate the remainder when 15327 is divided by 251.
16
Calculate the remainder when 25756 is divided by 228.
220
What is the remainder when 32301 is divided by 612?
477
Calculate the remainder when 5728650 is divided by 21.
18
What is the remainder when 496772 is divided by 6?
2
What is the remainder when 17369 is divided by 8630?
109
What is the remainder when 22858 is divided by 313?
9
Calculate the remainder when 36992 is divided by 230.
192
What is the remainder when 16353 is divided by 128?
97
Calculate the remainder when 2971 is divided by 85.
81
Calculate the remainder when 36810 is divided by 750.
60
Calculate the remainder when 211524 is divided by 1042.
1040
What is the remainder when 1235275 is divided by 28?
27
Calculate the remainder when 14861 is divided by 2466.
65
What is the remainder when 14483 is divided by 600?
83
Calculate the remainder when 3691 is divided by 94.
25
What is the remainder when 2015 is divided by 71?
27
Calculate the remainder when 493 is divided by 87.
58
What is the remainder when 50267 is divided by 16?
11
Calculate the remainder when 1564 is divided by 334.
228
Calculate the remainder when 183148 is divided by 222.
220
Calculate the remainder when 25848 is divided by 251.
246
What is the remainder when 6009 is divided by 20?
9
Calculate the remainder when 45324 is divided by 230.
14
Calculate the remainder when 38426 is divided by 2394.
122
Calculate the remainder when 8845 is divided by 10.
5
Calculate the remainder when 30688 is divided by 653.
650
What is the remainder when 7685 is divided by 534?
209
Calculate the remainder when 8075 is divided by 474.
17
What is the remainder when 62535 is divided by 6?
3
What is the remainder when 10361 is divided by 3430?
71
Calculate the remainder when 13928 is divided by 1560.
1448
Calculate the remainder when 3982 is divided by 475.
182
What is the remainder when 1966 is divided by 1779?
187
What is the remainder when 4947 is divided by 331?
313
What is the remainder when 9137 is divided by 155?
147
Calculate the remainder when 4024 is divided by 66.
64
Calculate the remainder when 4972 is divided by 80.
12
What is the remainder when 879479 is divided by 1396?
1395
Calculate the remainder when 272986 is divided by 61.
11
What is the remainder when 591374 is divided by 368?
366
Calculate the remainder when 242952 is divided by 331.
329
What is the remainder when 3946 is divided by 83?
45
Calculate the remainder when 782547 is divided by 1175.
1172
Calculate the remainder when 35511 is divided by 8.
7
Calculate the remainder when 1535 is divided by 145.
85
Calculate the remainder when 1360 is divided by 68.
0
Calculate the remainder when 340217 is divided by 53.
10
Calculate the remainder when 23101 is divided by 244.
165
What is the remainder when 103988 is divided by 10?
8
Calculate the remainder when 20404 is divided by 1272.
52
Calculate the remainder when 27555 is divided by 96.
3
Calculate the remainder when 5080 is divided by 4927.
153
Calculate the remainder when 1637649 is divided by 4.
1
What is the remainder when 434841 is divided by 2?
1
What is the remainder when 37786 is divided by 2699?
0
What is the remainder when 132457 is divided by 148?
145
What is the remainder when 9238 is divided by 2119?
762
What is the remainder when 2345 is divided by 1171?
3
Calculate the remainder when 3371 is divided by 686.
627
Calculate the remainder when 26830 is divided by 12.
10
What is the remainder when 4663 is divided by 66?
43
What is the remainder when 2541